{"id":32,"date":"2025-03-05T23:23:24","date_gmt":"2025-03-05T23:23:24","guid":{"rendered":"https:\/\/eureis.usm.md\/?page_id=32"},"modified":"2025-03-05T23:23:24","modified_gmt":"2025-03-05T23:23:24","slug":"list-of-publications","status":"publish","type":"page","link":"https:\/\/eureis.usm.md\/?page_id=32","title":{"rendered":"List of Publications"},"content":{"rendered":"<p style=\"font-weight: 400;\"><strong>List of Publications Developed under the Jean Monnet EUREIS Chair Project<\/strong><\/p>\n<ol>\n<li>JUC, V. GU\u0218TIUC, A. Exercising electoral rights in the context of threats to the National Security of the Republic of Moldova (traducere din l.englez\u0103: \u201eExercitarea drepturilor electorale \u00een contextul amenin\u021b\u0103rilor la Securitatea Na\u021bional\u0103 a Republicii Moldova\u201d). \u00cen: Materialele Conferin\u021bei \u0219tiin\u021bifice interna\u021bionale \u2013 \u201eHumanitarian Standards of Legal Systems in the modern world: challenges, solutions, trends\u201d (trad. din En.: Standarde umanitare ale sistemelor de drept \u00een lumea modern\u0103: provoc\u0103ri, solu\u021bii, perspective) din 16 mai 2024. Zaporozhye State University (Universitatea de Stat din Zaporoje). Zaporoje, 2024. 255p. [pp.102-111]. (0.7 c.a.) ISBN: 340.116(100): 172. <a href=\"https:\/\/ibn.idsi.md\/ro\/vizualizare_articol\/208445\"><u>https:\/\/ibn.idsi.md\/ro\/vizualizare_articol\/208445<\/u><\/a><\/li>\n<li>JUC, V.; DIACON, M. Arealuri de securitate european\u0103 \u00een contextul cooper\u0103rii regionale. \u00cen: Consolidarea rezilien\u021bei sociale prin valorificarea capitalului uman \u00een contextul ader\u0103rii Republicii Moldova \u0219i Ucrainei la Uniunea European\u0103. Chi\u0219in\u0103u, 2024. P. 208-218. 0,62 c.a. ISBN 978-9975-62-773-3 <a href=\"https:\/\/ibn.idsi.md\/vizualizare_articol\/217253\"><u>https:\/\/ibn.idsi.md\/vizualizare_articol\/217253<\/u><\/a><\/li>\n<li>JUC, Victor. Evolu\u021bia rela\u021biilor politico-juridice dintre Republica Moldova \u0219i Uniunea European\u0103. In: Analele \u015etiin\u0163ifice ale Universit\u0103\u0163ii de Studii Europene din Moldova, 2024, pp. 36-43. (0,78 c.a.) ISSN 2435-1114. <a href=\"https:\/\/usem.md\/uploads\/files\/Activitate_%C8%98tiin%C8%9Bific%C4%83_USEM\/Anale\/Analele_VIII_2024.pdf\"><u>https:\/\/usem.md\/uploads\/files\/Activitate_%C8%98tiin%C8%9Bific%C4%83_USEM\/Anale\/Analele_VIII_2024.pdf<\/u><\/a><\/li>\n<li>BENIUC, Valentin, BENIUC, Liliana. Identitatea european\u0103: abordare teoretico-metodologic\u0103. In: <em><i>Integrare prin cercetare \u0219i inovare: \u015etiin\u0163e umanistice \u0219i sociale<\/i><\/em>, 9-10 noiembrie 2023, Chi\u0219in\u0103u. Chisinau, Republica Moldova: Centrul Editorial-Poligrafic al Universit\u0103\u0163ii de Stat din Moldova, 2023, SUS, pp. 365-373. ISBN 978-9975-62-687-3. <a href=\"https:\/\/ibn.idsi.md\/ro\/vizualizare_articol\/201403\"><u>https:\/\/ibn.idsi.md\/ro\/vizualizare_articol\/201403<\/u><\/a><\/li>\n<li>HRDLICKA, Jozef, BENIUC, Liliana. St\u00e2nga radical\u0103 \u00een Parlamentul European. In: <em><i>Moldoscopie<\/i><\/em>, 2023, nr. 2(99), pp. 68-83. ISSN 1812-2566. DOI: <a href=\"https:\/\/doi.org\/10.52388\/1812-2566.2023.2(99).07\"><u>https:\/\/doi.org\/10.52388\/1812-2566.2023.2(99).07<\/u><\/a>; <a href=\"https:\/\/ibn.idsi.md\/ro\/vizualizare_articol\/197534\"><u>https:\/\/ibn.idsi.md\/ro\/vizualizare_articol\/197534<\/u><\/a><\/li>\n<li>BENIUC, Liliana. Strategiile de politic\u0103 extern\u0103 ale uniunii europene privind promovarea p\u0103cii \u0219i securit\u0103\u021bii interna\u021bionale. In: <em><i>Analele \u015etiin\u0163ifice ale Universit\u0103\u0163ii de Studii Europene din Moldova<\/i><\/em>, 2024, pp. 25-36. ISSN 2435-1114. <a href=\"https:\/\/ibn.idsi.md\/ro\/vizualizare_articol\/217470\"><u>https:\/\/ibn.idsi.md\/ro\/vizualizare_articol\/217470<\/u><\/a><\/li>\n<li>BENIUC, Valentin, BENIUC, Liliana. Suveranitatea Uniunii Europene: viziuni conceptua. In: <em><i>Analele \u015etiin\u0163ifice ale Universit\u0103\u0163ii de Studii Europene din Moldova<\/i><\/em>, 2024, pp. 17-25. ISSN 2435-1114. <a href=\"https:\/\/ibn.idsi.md\/ro\/vizualizare_articol\/217469\"><u>https:\/\/ibn.idsi.md\/ro\/vizualizare_articol\/217469<\/u><\/a><\/li>\n<li>BENIUC, Liliana. Integrarea european\u0103 prin prisma federaliz\u0103rii Uniunii Europene. In: <em><i>Integrare prin cercetare \u0219i inovare.: \u0218tiin\u021be sociale<\/i><\/em>, 7-8 noiembrie 2024, Chi\u0219in\u0103u. Chisinau, Republica Moldova: Centrul Editorial-Poligrafic al Universit\u0103\u0163ii de Stat din Moldova, 2024, SS, pp. 201-207. ISBN 978-9975-62-687-3. ISBN (pdf) 978-9975-62-799-3. <a href=\"https:\/\/ibn.idsi.md\/ro\/vizualizare_articol\/220875\"><u>https:\/\/ibn.idsi.md\/ro\/vizualizare_articol\/220875<\/u><\/a><\/li>\n<li>BENIUC, Liliana. Contribu\u021bia Uniunii Europene la pacea \u0219i securitatea global\u0103. In: <em><i>Strengthening Security and Stability in the New National, Regional and Global Realities<\/i><\/em>, 12-13 mai 2023, Chi\u015fin\u0103u. Chi\u015fin\u0103u: Centrul Editorial-Poligrafic al Universit\u0103\u0163ii de Stat din Moldova, 2024, pp. 200-212. ISBN 978-9975-62-740-5 (PDF). <a href=\"https:\/\/ibn.idsi.md\/ro\/vizualizare_articol\/211144\"><u>https:\/\/ibn.idsi.md\/ro\/vizualizare_articol\/211144<\/u><\/a><\/li>\n<li>BENIUC, Liliana. Ascensiunea dreptei \u00een Parlamentul European dup\u0103 alegerile din 2024. In: <em><i>Consolidarea rezilien\u021bei sociale prin valorificarea capitalului uman \u00een contextul ader\u0103rii Republicii Moldova \u015fi Ucrainei la Uniunea European\u0103<\/i><\/em>, 17-18 octombrie 2024, Chi\u015fin\u0103u. Chi\u015fin\u0103u: Centrul Editorial-Poligrafic al Universit\u0103\u0163ii de Stat din Moldova, 2024, pp. 295-298. ISBN 978-9975-62-773-3. <a href=\"https:\/\/ibn.idsi.md\/ro\/vizualizare_articol\/217269\"><u>https:\/\/ibn.idsi.md\/ro\/vizualizare_articol\/217269<\/u><\/a><\/li>\n<li>\u0413\u041e\u041b\u041e\u0412\u0410\u0422\u0410\u042f, \u041b\u044e\u0434\u043c\u0438\u043b\u0430. \u041c\u0438\u0433\u0440\u0430\u0446\u0438\u044f \u043a\u0430\u043a \u0444\u0430\u043a\u0442\u043e\u0440 \u0435\u0432\u0440\u043e\u043f\u0435\u0439\u0441\u043a\u043e\u0439 \u0431\u0435\u0437\u043e\u043f\u0430\u0441\u043d\u043e\u0441\u0442\u0438. In: <em><i>Analele \u015etiin\u0163ifice ale Universit\u0103\u0163ii de Studii Europene din Moldova<\/i><\/em>, 2024, pp. 107-114. ISSN 2435-1114. <a href=\"https:\/\/ibn.idsi.md\/ro\/vizualizare_articol\/217486\"><u>https:\/\/ibn.idsi.md\/ro\/vizualizare_articol\/217486<\/u><\/a><\/li>\n<\/ol>\n<p style=\"font-weight: 400;\">\u0413\u041e\u041b\u041e\u0412\u0410\u0422\u0410\u042f, \u041b\u044e\u0434\u043c\u0438\u043b\u0430. \u0415\u0432\u0440\u043e\u043f\u0435\u0439\u0441\u043a\u0430\u044f \u0438\u0434\u0435\u043d\u0442\u0438\u0447\u043d\u043e\u0441\u0442\u044c: \u043d\u043e\u0432\u0430\u044f \u043a\u043e\u043d\u0446\u0435\u043f\u0442\u0443\u0430\u043b\u044c\u043d\u0430\u044f \u043e\u0441\u043d\u043e\u0432\u0430. In: <em><i>Analele \u015etiin\u0163ifice ale Universit\u0103\u0163ii de Studii Europene din Moldova<\/i><\/em>, 2024, pp. 114-121. ISSN 2435-1114. <a href=\"https:\/\/ibn.idsi.md\/ro\/vizualizare_articol\/217487\"><u>https:\/\/ibn.idsi.md\/ro\/vizualizare_articol\/217487<\/u><\/a><\/p>\n","protected":false},"excerpt":{"rendered":"<p>List of Publications Developed under the Jean Monnet EUREIS Chair Project JUC, V. GU\u0218TIUC, A. Exercising electoral rights in the context of threats to the National Security of the Republic of Moldova (traducere din l.englez\u0103: \u201eExercitarea drepturilor electorale \u00een contextul amenin\u021b\u0103rilor la Securitatea Na\u021bional\u0103 a Republicii Moldova\u201d). \u00cen: Materialele Conferin\u021bei \u0219tiin\u021bifice interna\u021bionale \u2013 \u201eHumanitarian Standards&hellip; <br \/> <a class=\"read-more\" href=\"https:\/\/eureis.usm.md\/?page_id=32\">Read more<\/a><\/p>\n","protected":false},"author":1,"featured_media":0,"parent":0,"menu_order":0,"comment_status":"closed","ping_status":"closed","template":"","meta":{"footnotes":""},"class_list":["post-32","page","type-page","status-publish","hentry"],"rttpg_featured_image_url":null,"rttpg_author":{"display_name":"ch@r1es_M1chel","author_link":"https:\/\/eureis.usm.md\/?author=1"},"rttpg_comment":0,"rttpg_category":null,"rttpg_excerpt":"List of Publications Developed under the Jean Monnet EUREIS Chair Project JUC, V. GU\u0218TIUC, A. Exercising electoral rights in the context of threats to the National Security of the Republic of Moldova (traducere din l.englez\u0103: \u201eExercitarea drepturilor electorale \u00een contextul amenin\u021b\u0103rilor la Securitatea Na\u021bional\u0103 a Republicii Moldova\u201d). \u00cen: Materialele Conferin\u021bei \u0219tiin\u021bifice interna\u021bionale \u2013 \u201eHumanitarian Standards&hellip;&hellip;","_links":{"self":[{"href":"https:\/\/eureis.usm.md\/index.php?rest_route=\/wp\/v2\/pages\/32","targetHints":{"allow":["GET"]}}],"collection":[{"href":"https:\/\/eureis.usm.md\/index.php?rest_route=\/wp\/v2\/pages"}],"about":[{"href":"https:\/\/eureis.usm.md\/index.php?rest_route=\/wp\/v2\/types\/page"}],"author":[{"embeddable":true,"href":"https:\/\/eureis.usm.md\/index.php?rest_route=\/wp\/v2\/users\/1"}],"replies":[{"embeddable":true,"href":"https:\/\/eureis.usm.md\/index.php?rest_route=%2Fwp%2Fv2%2Fcomments&post=32"}],"version-history":[{"count":1,"href":"https:\/\/eureis.usm.md\/index.php?rest_route=\/wp\/v2\/pages\/32\/revisions"}],"predecessor-version":[{"id":34,"href":"https:\/\/eureis.usm.md\/index.php?rest_route=\/wp\/v2\/pages\/32\/revisions\/34"}],"wp:attachment":[{"href":"https:\/\/eureis.usm.md\/index.php?rest_route=%2Fwp%2Fv2%2Fmedia&parent=32"}],"curies":[{"name":"wp","href":"https:\/\/api.w.org\/{rel}","templated":true}]}}